{"id":4242,"date":"2020-03-03T17:16:36","date_gmt":"2020-03-03T16:16:36","guid":{"rendered":"https:\/\/www.restaurantemena.es\/mas-informacion-sobre-las-cookies\/"},"modified":"2022-04-07T11:53:42","modified_gmt":"2022-04-07T09:53:42","slug":"mas-informacion-sobre-las-cookies","status":"publish","type":"page","link":"https:\/\/www.restaurantemena.es\/ca\/mas-informacion-sobre-las-cookies\/","title":{"rendered":"M\u00e9s informaci\u00f3 sobre les cookies"},"content":{"rendered":"<h2>Qu\u00e8 \u00e9s una galeta?<\/h2>\n<p>\nUna <em>galeta<\/em> \u00e9s un fitxer de text <b>inofensiu<\/b> que s&#8217;emmagatzema al vostre navegador quan visiteu gaireb\u00e9 qualsevol lloc web. La utilitat de la <em>cookie<\/em> \u00e9s que el lloc web pot recordar la vostra visita quan torneu a navegar per aquesta p\u00e0gina. Encara que molts no ho saben, les <em>galetes<\/em> s&#8217;utilitzen des de fa 20 anys, quan van apar\u00e8ixer els primers navegadors per a la World Wide Web.\n<\/p>\n<h2>Qu\u00e8 NO \u00e9s una galeta?<\/h2>\n<p>\nNo \u00e9s un virus, ni un cavall de Troia, ni un cuc, ni correu brossa, ni programari espia, ni obre finestres emergents.\n<\/p>\n<h2>Quina informaci\u00f3 emmagatzema una <em>cookie<\/em> ?<\/h2>\n<p>\nNormalment, les <em>galetes<\/em> no emmagatzemen informaci\u00f3 sensible sobre vost\u00e8, com ara B. Dades de la targeta de cr\u00e8dit o banc\u00e0ria, fotos, el seu DNI o informaci\u00f3 personal, etc. Les dades que emmagatzemen s\u00f3n de car\u00e0cter t\u00e8cnic, prefer\u00e8ncies personals, personalitzaci\u00f3 de continguts, etc.\n<\/p>\n<p>\nEl servidor web no us connecta com a persona, sin\u00f3 el vostre navegador web. Si navegueu regularment amb Internet Explorer i intenteu navegar pel mateix lloc web amb Firefox o Chrome, trobareu que el lloc web no reconeix que sou la mateixa persona perqu\u00e8 en realitat est\u00e0 enlla\u00e7ant el navegador i no la persona.\n<\/p>\n<h2>Quins tipus de <em>galetes<\/em> hi ha?<\/h2>\n<\/p>\n<ul>\nT\u00e8cnic <\/p>\n<li><em>Cookies<\/em> : S\u00f3n les m\u00e9s b\u00e0siques i permeten, entre altres coses, saber quan est\u00e0 navegant una aplicaci\u00f3 humana o automatitzada, quan est\u00e0 navegant un usuari an\u00f2nim i un usuari registrat, tasques imprescindibles per al funcionament de qualsevol web din\u00e0mica.<\/li>\n<p>an\u00e0lisi <\/p>\n<li><em>Cookies<\/em> : Recopilen informaci\u00f3 sobre el tipus de navegaci\u00f3 que m\u00e9s utilitza, els productes consultats, la finestra temporal d&#8217;\u00fas, l&#8217;idioma, etc.<\/li>\n<p>publicitat<\/p>\n<li><em>Cookies<\/em> : mostren publicitat basada en la teva navegaci\u00f3, el teu pa\u00eds d&#8217;origen, el teu idioma, etc.<\/li>\n<\/ul>\n<h2>Qu\u00e8 s\u00f3n <em>les cookies pr\u00f2pies i de tercers<\/em> ?<\/h2>\n<p>\n<em>Les cookies pr\u00f2pies<\/em> s\u00f3n les generades per la p\u00e0gina que est\u00e0s visitant i les de <em>tercers<\/em> s\u00f3n les generades per serveis o prove\u00efdors externs com Facebook, Twitter, Google, etc.\n<\/p>\n<h2>Qu\u00e8 passa si desactivo les <em>cookies<\/em> ?<\/h2>\n<p>\nPer ajudar-vos a entendre l&#8217;abast de la desactivaci\u00f3 de les <em>galetes<\/em> , us mostrarem alguns exemples:\n<\/p>\n<ul>\n<li>No podeu compartir contingut d&#8217;aquest lloc web a Facebook, Twitter o qualsevol altra xarxa social.<\/li>\n<li>El lloc web no pot adaptar el contingut a les vostres prefer\u00e8ncies personals, com passa sovint amb les botigues en l\u00ednia.<\/li>\n<li>No podeu accedir a \u00e0rees personals d&#8217;aquest lloc web com ara <em>El meu compte<\/em> o <em>El meu perfil<\/em> o <em>Les meves comandes<\/em> .<\/li>\n<li>Botigues en l\u00ednia: No podr\u00e0s comprar online, ho haur\u00e0s de fer per tel\u00e8fon o visitant la botiga si en tens.<\/li>\n<li>No \u00e9s possible personalitzar la configuraci\u00f3 geogr\u00e0fica com ara la zona hor\u00e0ria, la moneda o l&#8217;idioma.<\/li>\n<li>El lloc no pot realitzar anal\u00edtiques web sobre els visitants i el tr\u00e0nsit web, cosa que dificulta la compet\u00e8ncia del lloc.<\/li>\n<li>No podeu fer blocs, penjar fotos, publicar comentaris, puntuar o valorar contingut. El web tampoc t\u00e9 manera de saber si sou un hum\u00e0 o una aplicaci\u00f3 automatitzada que publica <em>correu brossa<\/em> .<\/li>\n<li>No es podr\u00e0 mostrar publicitat espec\u00edfica del sector, la qual cosa reduir\u00e0 els ingressos publicitaris d&#8217;Internet.<\/li>\n<li>Totes les xarxes socials utilitzen <em>cookies<\/em> , si les desactivas no podr\u00e0s utilitzar cap xarxa social.<\/li>\n<\/ul>\n<h2>Es poden eliminar les <em>galetes<\/em> ?<\/h2>\n<p>\nS\u00ed, no nom\u00e9s esborra, sin\u00f3 tamb\u00e9 bloqueja de manera general o espec\u00edfica per a un determinat domini.\n<\/p>\n<p>\nPer eliminar les <em>cookies<\/em> d&#8217;un lloc web, has d&#8217;anar a la configuraci\u00f3 del teu navegador i all\u00ed podr\u00e0s buscar les cookies associades al domini en q\u00fcesti\u00f3 i procedir a eliminar-les.\n<\/p>\n<h2 id=\"browsers\">Configuraci\u00f3 de <em>cookies<\/em> per als navegadors m\u00e9s habituals<\/h2>\n<p>\nCom accedir a una <em>galeta<\/em> espec\u00edfica del navegador <b>Chrome<\/b> . Nota: aquests passos poden variar en funci\u00f3 de la versi\u00f3 del navegador:<\/p>\n<ol>\n<li>Aneu a &#8220;Configuraci\u00f3&#8221; o &#8220;Prefer\u00e8ncies&#8221; mitjan\u00e7ant el men\u00fa &#8220;Fitxer&#8221; o fent clic a la icona de personalitzaci\u00f3 que apareix a la cantonada superior dreta.<\/li>\n<li>Veureu diferents seccions, feu clic a l&#8217;opci\u00f3 Mostra <em>opcions avan\u00e7ades<\/em> .<\/li>\n<li>Aneu a <em>Privadesa<\/em> , <em>Configuraci\u00f3 de contingut<\/em> .<\/li>\n<li>Seleccioneu <em>Totes les <em>galetes<\/em> i dades del lloc<\/em> .<\/li>\n<li>Es mostra una llista de totes les <em>galetes<\/em> ordenades per domini. Perqu\u00e8 us sigui m\u00e9s f\u00e0cil trobar les <em>galetes<\/em> per a un domini concret, introdu\u00efu tota o part de l&#8217;adre\u00e7a al camp <em>Cerca galetes<\/em> .<\/li>\n<li>Despr\u00e9s de realitzar aquest filtre, apareixeran a la pantalla una o m\u00e9s l\u00ednies amb les <em>galetes<\/em> d<br \/>\n","protected":false},"excerpt":{"rendered":"<p>Qu\u00e8 \u00e9s una galeta? Una galeta \u00e9s un fitxer de text inofensiu que s&#8217;emmagatzema al vostre navegador quan visiteu gaireb\u00e9 qualsevol lloc web. La utilitat de la cookie \u00e9s que el lloc web pot recordar la vostra visita quan torneu a navegar per aquesta p\u00e0gina. Encara que molts no ho saben, les galetes s&#8217;utilitzen des [&hellip;]<\/p>\n","protected":false},"author":1,"featured_media":0,"parent":0,"menu_order":0,"comment_status":"closed","ping_status":"closed","template":"","meta":{"footnotes":""},"class_list":["post-4242","page","type-page","status-publish","hentry"],"yoast_head":"<!-- This site is optimized with the Yoast SEO plugin v27.4 - https:\/\/yoast.com\/product\/yoast-seo-wordpress\/ -->\n<title>M\u00e9s informaci\u00f3 sobre les cookies - Restaurante Mena<\/title>\n<meta name=\"robots\" content=\"index, follow, max-snippet:-1, max-image-preview:large, max-video-preview:-1\" \/>\n<link rel=\"canonical\" href=\"https:\/\/www.restaurantemena.es\/ca\/mas-informacion-sobre-las-cookies\/\" \/>\n<meta property=\"og:locale\" content=\"ca_ES\" \/>\n<meta property=\"og:type\" content=\"article\" \/>\n<meta property=\"og:title\" content=\"M\u00e9s informaci\u00f3 sobre les cookies - Restaurante Mena\" \/>\n<meta property=\"og:description\" content=\"Qu\u00e8 \u00e9s una galeta? Una galeta \u00e9s un fitxer de text inofensiu que s&#8217;emmagatzema al vostre navegador quan visiteu gaireb\u00e9 qualsevol lloc web. La utilitat de la cookie \u00e9s que el lloc web pot recordar la vostra visita quan torneu a navegar per aquesta p\u00e0gina. Encara que molts no ho saben, les galetes s&#8217;utilitzen des [&hellip;]\" \/>\n<meta property=\"og:url\" content=\"https:\/\/www.restaurantemena.es\/ca\/mas-informacion-sobre-las-cookies\/\" \/>\n<meta property=\"og:site_name\" content=\"Restaurante Mena\" \/>\n<meta property=\"article:modified_time\" content=\"2022-04-07T09:53:42+00:00\" \/>\n<meta name=\"twitter:card\" content=\"summary_large_image\" \/>\n<meta name=\"twitter:label1\" content=\"Temps estimat de lectura\" \/>\n\t<meta name=\"twitter:data1\" content=\"4 minuts\" \/>\n<script type=\"application\/ld+json\" class=\"yoast-schema-graph\">{\"@context\":\"https:\\\/\\\/schema.org\",\"@graph\":[{\"@type\":\"WebPage\",\"@id\":\"https:\\\/\\\/www.restaurantemena.es\\\/ca\\\/mas-informacion-sobre-las-cookies\\\/\",\"url\":\"https:\\\/\\\/www.restaurantemena.es\\\/ca\\\/mas-informacion-sobre-las-cookies\\\/\",\"name\":\"M\u00e9s informaci\u00f3 sobre les cookies - Restaurante Mena\",\"isPartOf\":{\"@id\":\"https:\\\/\\\/www.restaurantemena.es\\\/ca\\\/#website\"},\"datePublished\":\"2020-03-03T16:16:36+00:00\",\"dateModified\":\"2022-04-07T09:53:42+00:00\",\"breadcrumb\":{\"@id\":\"https:\\\/\\\/www.restaurantemena.es\\\/ca\\\/mas-informacion-sobre-las-cookies\\\/#breadcrumb\"},\"inLanguage\":\"ca\",\"potentialAction\":[{\"@type\":\"ReadAction\",\"target\":[\"https:\\\/\\\/www.restaurantemena.es\\\/ca\\\/mas-informacion-sobre-las-cookies\\\/\"]}]},{\"@type\":\"BreadcrumbList\",\"@id\":\"https:\\\/\\\/www.restaurantemena.es\\\/ca\\\/mas-informacion-sobre-las-cookies\\\/#breadcrumb\",\"itemListElement\":[{\"@type\":\"ListItem\",\"position\":1,\"name\":\"Home\",\"item\":\"https:\\\/\\\/www.restaurantemena.es\\\/ca\\\/\"},{\"@type\":\"ListItem\",\"position\":2,\"name\":\"M\u00e9s informaci\u00f3 sobre les cookies\"}]},{\"@type\":\"WebSite\",\"@id\":\"https:\\\/\\\/www.restaurantemena.es\\\/ca\\\/#website\",\"url\":\"https:\\\/\\\/www.restaurantemena.es\\\/ca\\\/\",\"name\":\"Restaurante Mena\",\"description\":\"A bordo desde 1959. Final de les Rotes - D\u00e9nia\",\"potentialAction\":[{\"@type\":\"SearchAction\",\"target\":{\"@type\":\"EntryPoint\",\"urlTemplate\":\"https:\\\/\\\/www.restaurantemena.es\\\/ca\\\/?s={search_term_string}\"},\"query-input\":{\"@type\":\"PropertyValueSpecification\",\"valueRequired\":true,\"valueName\":\"search_term_string\"}}],\"inLanguage\":\"ca\"}]}<\/script>\n<!-- \/ Yoast SEO plugin. -->","yoast_head_json":{"title":"M\u00e9s informaci\u00f3 sobre les cookies - Restaurante Mena","robots":{"index":"index","follow":"follow","max-snippet":"max-snippet:-1","max-image-preview":"max-image-preview:large","max-video-preview":"max-video-preview:-1"},"canonical":"https:\/\/www.restaurantemena.es\/ca\/mas-informacion-sobre-las-cookies\/","og_locale":"ca_ES","og_type":"article","og_title":"M\u00e9s informaci\u00f3 sobre les cookies - Restaurante Mena","og_description":"Qu\u00e8 \u00e9s una galeta? Una galeta \u00e9s un fitxer de text inofensiu que s&#8217;emmagatzema al vostre navegador quan visiteu gaireb\u00e9 qualsevol lloc web. La utilitat de la cookie \u00e9s que el lloc web pot recordar la vostra visita quan torneu a navegar per aquesta p\u00e0gina. Encara que molts no ho saben, les galetes s&#8217;utilitzen des [&hellip;]","og_url":"https:\/\/www.restaurantemena.es\/ca\/mas-informacion-sobre-las-cookies\/","og_site_name":"Restaurante Mena","article_modified_time":"2022-04-07T09:53:42+00:00","twitter_card":"summary_large_image","twitter_misc":{"Temps estimat de lectura":"4 minuts"},"schema":{"@context":"https:\/\/schema.org","@graph":[{"@type":"WebPage","@id":"https:\/\/www.restaurantemena.es\/ca\/mas-informacion-sobre-las-cookies\/","url":"https:\/\/www.restaurantemena.es\/ca\/mas-informacion-sobre-las-cookies\/","name":"M\u00e9s informaci\u00f3 sobre les cookies - Restaurante Mena","isPartOf":{"@id":"https:\/\/www.restaurantemena.es\/ca\/#website"},"datePublished":"2020-03-03T16:16:36+00:00","dateModified":"2022-04-07T09:53:42+00:00","breadcrumb":{"@id":"https:\/\/www.restaurantemena.es\/ca\/mas-informacion-sobre-las-cookies\/#breadcrumb"},"inLanguage":"ca","potentialAction":[{"@type":"ReadAction","target":["https:\/\/www.restaurantemena.es\/ca\/mas-informacion-sobre-las-cookies\/"]}]},{"@type":"BreadcrumbList","@id":"https:\/\/www.restaurantemena.es\/ca\/mas-informacion-sobre-las-cookies\/#breadcrumb","itemListElement":[{"@type":"ListItem","position":1,"name":"Home","item":"https:\/\/www.restaurantemena.es\/ca\/"},{"@type":"ListItem","position":2,"name":"M\u00e9s informaci\u00f3 sobre les cookies"}]},{"@type":"WebSite","@id":"https:\/\/www.restaurantemena.es\/ca\/#website","url":"https:\/\/www.restaurantemena.es\/ca\/","name":"Restaurante Mena","description":"A bordo desde 1959. Final de les Rotes - D\u00e9nia","potentialAction":[{"@type":"SearchAction","target":{"@type":"EntryPoint","urlTemplate":"https:\/\/www.restaurantemena.es\/ca\/?s={search_term_string}"},"query-input":{"@type":"PropertyValueSpecification","valueRequired":true,"valueName":"search_term_string"}}],"inLanguage":"ca"}]}},"_links":{"self":[{"href":"https:\/\/www.restaurantemena.es\/ca\/wp-json\/wp\/v2\/pages\/4242","targetHints":{"allow":["GET"]}}],"collection":[{"href":"https:\/\/www.restaurantemena.es\/ca\/wp-json\/wp\/v2\/pages"}],"about":[{"href":"https:\/\/www.restaurantemena.es\/ca\/wp-json\/wp\/v2\/types\/page"}],"author":[{"embeddable":true,"href":"https:\/\/www.restaurantemena.es\/ca\/wp-json\/wp\/v2\/users\/1"}],"replies":[{"embeddable":true,"href":"https:\/\/www.restaurantemena.es\/ca\/wp-json\/wp\/v2\/comments?post=4242"}],"version-history":[{"count":2,"href":"https:\/\/www.restaurantemena.es\/ca\/wp-json\/wp\/v2\/pages\/4242\/revisions"}],"predecessor-version":[{"id":5151,"href":"https:\/\/www.restaurantemena.es\/ca\/wp-json\/wp\/v2\/pages\/4242\/revisions\/5151"}],"wp:attachment":[{"href":"https:\/\/www.restaurantemena.es\/ca\/wp-json\/wp\/v2\/media?parent=4242"}],"curies":[{"name":"wp","href":"https:\/\/api.w.org\/{rel}","templated":true}]}}

Més informació sobre les cookies

<h2>Què és una galeta?</h2>
<p>
Una <em>galeta</em> és un fitxer de text <b>inofensiu</b> que s&#8217;emmagatzema al vostre navegador quan visiteu gairebé qualsevol lloc web. La utilitat de la <em>cookie</em> és que el lloc web pot recordar la vostra visita quan torneu a navegar per aquesta pàgina. Encara que molts no ho saben, les <em>galetes</em> s&#8217;utilitzen des de fa 20 anys, quan van aparèixer els primers navegadors per a la World Wide Web.
</p>
<h2>Què NO és una galeta?</h2>
<p>
No és un virus, ni un cavall de Troia, ni un cuc, ni correu brossa, ni programari espia, ni obre finestres emergents.
</p>
<h2>Quina informació emmagatzema una <em>cookie</em> ?</h2>
<p>
Normalment, les <em>galetes</em> no emmagatzemen informació sensible sobre vostè, com ara B. Dades de la targeta de crèdit o bancària, fotos, el seu DNI o informació personal, etc. Les dades que emmagatzemen són de caràcter tècnic, preferències personals, personalització de continguts, etc.
</p>
<p>
El servidor web no us connecta com a persona, sinó el vostre navegador web. Si navegueu regularment amb Internet Explorer i intenteu navegar pel mateix lloc web amb Firefox o Chrome, trobareu que el lloc web no reconeix que sou la mateixa persona perquè en realitat està enllaçant el navegador i no la persona.
</p>
<h2>Quins tipus de <em>galetes</em> hi ha?</h2>
</p>
<ul>
Tècnic </p>
<li><em>Cookies</em> : Són les més bàsiques i permeten, entre altres coses, saber quan està navegant una aplicació humana o automatitzada, quan està navegant un usuari anònim i un usuari registrat, tasques imprescindibles per al funcionament de qualsevol web dinàmica.</li>
<p>anàlisi </p>
<li><em>Cookies</em> : Recopilen informació sobre el tipus de navegació que més utilitza, els productes consultats, la finestra temporal d&#8217;ús, l&#8217;idioma, etc.</li>
<p>publicitat</p>
<li><em>Cookies</em> : mostren publicitat basada en la teva navegació, el teu país d&#8217;origen, el teu idioma, etc.</li>
</ul>
<h2>Què són <em>les cookies pròpies i de tercers</em> ?</h2>
<p>
<em>Les cookies pròpies</em> són les generades per la pàgina que estàs visitant i les de <em>tercers</em> són les generades per serveis o proveïdors externs com Facebook, Twitter, Google, etc.
</p>
<h2>Què passa si desactivo les <em>cookies</em> ?</h2>
<p>
Per ajudar-vos a entendre l&#8217;abast de la desactivació de les <em>galetes</em> , us mostrarem alguns exemples:
</p>
<ul>
<li>No podeu compartir contingut d&#8217;aquest lloc web a Facebook, Twitter o qualsevol altra xarxa social.</li>
<li>El lloc web no pot adaptar el contingut a les vostres preferències personals, com passa sovint amb les botigues en línia.</li>
<li>No podeu accedir a àrees personals d&#8217;aquest lloc web com ara <em>El meu compte</em> o <em>El meu perfil</em> o <em>Les meves comandes</em> .</li>
<li>Botigues en línia: No podràs comprar online, ho hauràs de fer per telèfon o visitant la botiga si en tens.</li>
<li>No és possible personalitzar la configuració geogràfica com ara la zona horària, la moneda o l&#8217;idioma.</li>
<li>El lloc no pot realitzar analítiques web sobre els visitants i el trànsit web, cosa que dificulta la competència del lloc.</li>
<li>No podeu fer blocs, penjar fotos, publicar comentaris, puntuar o valorar contingut. El web tampoc té manera de saber si sou un humà o una aplicació automatitzada que publica <em>correu brossa</em> .</li>
<li>No es podrà mostrar publicitat específica del sector, la qual cosa reduirà els ingressos publicitaris d&#8217;Internet.</li>
<li>Totes les xarxes socials utilitzen <em>cookies</em> , si les desactivas no podràs utilitzar cap xarxa social.</li>
</ul>
<h2>Es poden eliminar les <em>galetes</em> ?</h2>
<p>
Sí, no només esborra, sinó també bloqueja de manera general o específica per a un determinat domini.
</p>
<p>
Per eliminar les <em>cookies</em> d&#8217;un lloc web, has d&#8217;anar a la configuració del teu navegador i allí podràs buscar les cookies associades al domini en qüestió i procedir a eliminar-les.
</p>
<h2 id="browsers">Configuració de <em>cookies</em> per als navegadors més habituals</h2>
<p>
Com accedir a una <em>galeta</em> específica del navegador <b>Chrome</b> . Nota: aquests passos poden variar en funció de la versió del navegador:</p>
<ol>
<li>Aneu a &#8220;Configuració&#8221; o &#8220;Preferències&#8221; mitjançant el menú &#8220;Fitxer&#8221; o fent clic a la icona de personalització que apareix a la cantonada superior dreta.</li>
<li>Veureu diferents seccions, feu clic a l&#8217;opció Mostra <em>opcions avançades</em> .</li>
<li>Aneu a <em>Privadesa</em> , <em>Configuració de contingut</em> .</li>
<li>Seleccioneu <em>Totes les <em>galetes</em> i dades del lloc</em> .</li>
<li>Es mostra una llista de totes les <em>galetes</em> ordenades per domini. Perquè us sigui més fàcil trobar les <em>galetes</em> per a un domini concret, introduïu tota o part de l&#8217;adreça al camp <em>Cerca galetes</em> .</li>
<li>Després de realitzar aquest filtre, apareixeran a la pantalla una o més línies amb les <em>galetes</em> d<br />

<p>Què és una galeta? Una galeta és un fitxer de text inofensiu que s&#8217;emmagatzema al vostre navegador quan visiteu gairebé qualsevol lloc web. La utilitat de la cookie és que el lloc web pot recordar la vostra visita quan torneu a navegar per aquesta pàgina. Encara que molts no ho saben, les galetes s&#8217;utilitzen des [&hellip;]</p>

<!-- This site is optimized with the Yoast SEO plugin v27.4 - https://yoast.com/product/yoast-seo-wordpress/ -->
<title>Més informació sobre les cookies - Restaurante Mena</title>
<meta name="robots" content="index, follow, max-snippet:-1, max-image-preview:large, max-video-preview:-1" />
<link rel="canonical" href="https://www.restaurantemena.es/ca/mas-informacion-sobre-las-cookies/" />
<meta property="og:locale" content="ca_ES" />
<meta property="og:type" content="article" />
<meta property="og:title" content="Més informació sobre les cookies - Restaurante Mena" />
<meta property="og:description" content="Què és una galeta? Una galeta és un fitxer de text inofensiu que s&#8217;emmagatzema al vostre navegador quan visiteu gairebé qualsevol lloc web. La utilitat de la cookie és que el lloc web pot recordar la vostra visita quan torneu a navegar per aquesta pàgina. Encara que molts no ho saben, les galetes s&#8217;utilitzen des [&hellip;]" />
<meta property="og:url" content="https://www.restaurantemena.es/ca/mas-informacion-sobre-las-cookies/" />
<meta property="og:site_name" content="Restaurante Mena" />
<meta property="article:modified_time" content="2022-04-07T09:53:42+00:00" />
<meta name="twitter:card" content="summary_large_image" />
<meta name="twitter:label1" content="Temps estimat de lectura" />
	<meta name="twitter:data1" content="4 minuts" />
<script type="application/ld+json" class="yoast-schema-graph">{"@context":"https:\/\/schema.org","@graph":[{"@type":"WebPage","@id":"https:\/\/www.restaurantemena.es\/ca\/mas-informacion-sobre-las-cookies\/","url":"https:\/\/www.restaurantemena.es\/ca\/mas-informacion-sobre-las-cookies\/","name":"Més informació sobre les cookies - Restaurante Mena","isPartOf":{"@id":"https:\/\/www.restaurantemena.es\/ca\/#website"},"datePublished":"2020-03-03T16:16:36+00:00","dateModified":"2022-04-07T09:53:42+00:00","breadcrumb":{"@id":"https:\/\/www.restaurantemena.es\/ca\/mas-informacion-sobre-las-cookies\/#breadcrumb"},"inLanguage":"ca","potentialAction":[{"@type":"ReadAction","target":["https:\/\/www.restaurantemena.es\/ca\/mas-informacion-sobre-las-cookies\/"]}]},{"@type":"BreadcrumbList","@id":"https:\/\/www.restaurantemena.es\/ca\/mas-informacion-sobre-las-cookies\/#breadcrumb","itemListElement":[{"@type":"ListItem","position":1,"name":"Home","item":"https:\/\/www.restaurantemena.es\/ca\/"},{"@type":"ListItem","position":2,"name":"Més informació sobre les cookies"}]},{"@type":"WebSite","@id":"https:\/\/www.restaurantemena.es\/ca\/#website","url":"https:\/\/www.restaurantemena.es\/ca\/","name":"Restaurante Mena","description":"A bordo desde 1959. Final de les Rotes - Dénia","potentialAction":[{"@type":"SearchAction","target":{"@type":"EntryPoint","urlTemplate":"https:\/\/www.restaurantemena.es\/ca\/?s={search_term_string}"},"query-input":{"@type":"PropertyValueSpecification","valueRequired":true,"valueName":"search_term_string"}}],"inLanguage":"ca"}]}</script>
<!-- / Yoast SEO plugin. -->

Més informació sobre les cookies - Restaurante Mena

Què és una galeta? Una galeta és un fitxer de text inofensiu que s&#8217;emmagatzema al vostre navegador quan visiteu gairebé qualsevol lloc web. La utilitat de la cookie és que el lloc web pot recordar la vostra visita quan torneu a navegar per aquesta pàgina. Encara que molts no ho saben, les galetes s&#8217;utilitzen des [&hellip;]

A bordo desde 1959. Final de les Rotes - Dénia
